?
False
Let c(h) = 2*h**2 - 5*h - 4. Suppose 4*l - 32 = -4*v, -4*v = -v + 4*l - 26. Is c(v) composite?
True
Is -3 + 20340/55 + 4/22 a prime number?
True
Let a(j) = -j**2 - 14*j - 5. Let h be a(-10). Suppose -21 = -4*n - 229. Let v = h - n. Is v a prime number?
False
Let c be (-3)/((-9)/(-12)) + 210. Suppose -4*k + c = -1118. Is k a prime number?
True
Let c = 14 - 4. Let z be ((-12)/c)/((-24)/80). Suppose 5*b + 115 = 4*f, -z*f - 3*b + 91 = -0*b. Is f a composite number?
True
Suppose 18 = -3*g - 0*g. Let a be -652*(1 + 9/g). Suppose -5*d + 98 = -4*o + a, 5*o - 285 = -3*d. Is o a prime number?
False
Let f(b) = -b + 1. Let r be f(1). Is -5*(r - 934/10) composite?
False
Let b be (2/4)/(1/10). Suppose 0 = f - b, 24 = 2*h + 4*f - 0. Suppose 0 = h*n + 4, -8 = -2*v + n - 3*n. Is v a prime number?
False
Suppose -4*p = -3*p - 67. Let b = p - 96. Let q = 48 + b. Is q prime?
True
Is 5304/20 + (-9)/45 a prime number?
False
Suppose -56*c = -61*c + 3755. Is c a prime number?
True
Let a(h) = -h**2 + 10*h + 13. Let o be a(11). Suppose -3*m + 5*n = -108, -5*m - 4*n = -o*m - 81. Is m a prime number?
True
Let o = 8 + -3. Suppose -3*u - 4 = -16, -3*w + o*u = -367. Is w prime?
False
Let i be ((-6)/4)/((-2)/4). Let a(s) = -2*s**2 + 2*s + 2*s**3 + 3*s - 1 - s. Is a(i) composite?
False
Let j = 880 - 197. Is j a composite number?
False
Suppose 5*i = 2*i + 93. Is i a prime number?
True
Suppose -4*t = -s + 4*s - 2773, 2*t = -5*s + 1369. Is t composite?
True
Let m(k) = k**3 - 10*k**2 - 12*k + 15. Let b be m(11). Suppose b - 16 = -3*c. Let u(z) = 2*z**2 - 6*z + 2. Is u(c) prime?
False
Let v = -97 + 157. Let x be (4/5)/(2/v). Suppose 6 = 2*d - x. Is d a composite number?
True
Let p = 103 - 33. Suppose 0 = 4*a - p - 22. Is a a composite number?
False
Let h = -162 + 227. Suppose 4*d + d = 3*r + h, r - 2*d = -22. Let n = -10 - r. Is n prime?
False
Suppose -3*x = -5*u - 1265 - 163, x - 5*u - 476 = 0. Suppose 0 = -3*y + 7*y - x. Is y a prime number?
False
Let x(g) = -3*g**3 + g**2 - g + 4. Is x(-5) composite?
False
Let j = -7 + 12. Suppose -2*r - 20 = j*n, -6*n - 16 = -2*n. Suppose 0 = -r*d + 2*d - 30. Is d composite?
True
Let p(o) = o**2 + 5*o + 8. Let f be -6*-3*(-1)/3. Let y be p(f). Suppose -3*j + y = -7. Is j a composite number?
False
Let q(p) = 28*p**2 + 5*p - 7. Let u be q(3). Suppose 4*m - 342 = 2*k, -3*m - k + 6*k = -u. Is m prime?
False
Suppose -5*o + 20 = -4*z, -o + z + 2 + 3 = 0. Suppose o = t - 3 - 0. Is ((-4)/t)/(6/(-63)) a prime number?
False
Let s(f) be the second derivative of f**3/2 - 6*f**2 - 3*f. Is s(6) a composite number?
True
Suppose 2*x - 2 = -3*w, 0*w - x = -3*w - 10. Is (-26)/(-12)*w*-15 a composite number?
True
Let z(o) = o**2 - 7*o + 2. Let g be z(7). Let w be (-7)/(21/(-18)) - g. Suppose 354 = w*c - a, 0 = 4*a + 6 - 14. Is c prime?
True
Let y be 3/(-6)*(1 + -1). Is y - -79 - (-4)/(-2) a prime number?
False
Let f(w) = 7*w**3 + 11*w**2 + 7*w + 11. Let i(o) = 11*o**3 + 16*o**2 + 10*o + 16. Let m(r) = 8*f(r) - 5*i(r). Is m(-7) prime?
False
Suppose -1 - 7 = -4*f, 2*t - 4*f = 3854. Is t a composite number?
False
Suppose 0 = 3*i - 7*i + 532. Let g = i - 80. Is g composite?
False
Let r(d) = 75*d - 5. Let x be r(5). Suppose 4*i + x = 9*i. Is i composite?
True
Let a be 0 - (-8 - 1 - -2). Let z(c) = 11 + 5*c - 3*c - 3. Is z(a) a composite number?
True
Let b(q) = 514*q**2 + 2*q + 1. Is b(-2) composite?
False
Let z be ((-9)/(-6))/(1/4). Let i(b) be the second derivative of -b**3/6 + 9*b**2/2 + 2*b. Is i(z) a composite number?
False
Let c(z) = -560*z + 29. Is c(-3) a composite number?
False
Let o be 5/((-1)/(-1)*1). Is (0 - 6/(-3)) + o composite?
False
Let u(b) = 2*b**2. Suppose -5 = -5*h - 2*y, -y + 2 = h + h. Is u(h) composite?
False
Let o = 55 + 76. Is o a composite number?
False
Let i(u) = -2*u. Let j be i(-2). Let r(y) = y**2 - y. Let f be r(1). Suppose b = 3*p - 32, p = -f*p + j*b + 18. Is p composite?
True
Suppose -7*r + 5*j = -4*r - 7, 5 = 3*r - 4*j. Let l be r*(1 + 1) - 27. Let h = -18 - l. Is h prime?
True
Let y be 2*3/(-6)*-1. Let i be 11 - (1 + (y - 2)). Suppose 0 = -2*j - i + 33. Is j a composite number?
False
Let b = -21 + 25. Suppose -4*c = -b*h + 3820, -2*h + 1387 + 519 = -c. Is h a prime number?
False
Let g be ((-3)/(-3) + 73)/(-2). Let h = g - -170. Is h a prime number?
False
Let r = 0 - -2. Suppose 0 = r*q + 105 - 293. Is q prime?
False
Let q(o) = o**3 + 5*o**2 + 8*o + 7. Let r be q(-5). Let l be 3 + (-226)/4*2. Let m = r - l. Is m composite?
True
Suppose 0 = -5*c - 3 + 23. Let p be (-25)/(-4) + (-1)/c. Suppose 2*i + p = 3*i. Is i prime?
False
Suppose -3*m + 20 = m. Suppose 1 = 4*k + m. Is (-1 - -18) + k + 3 composite?
False
Is 2/4*(-1578)/(-3) prime?
True
Let f = -13 + 17. Is 804/16*f/1 composite?
True
Suppose -380 - 3816 = -4*a. Is a a composite number?
False
Let m = 11 - -1. Suppose t + 187 = 4*w, -3*w - 2*t = m - 166. Suppose 5*j + 20 = 0, 2*b + 2*b = -2*j + w. Is b prime?
False
Let r = -38 - 10. Let s = r + 97. Is s a composite number?
True
Suppose -10*m + 2403 = -m. Is m prime?
False
Suppose 4275 = 5*n + 4*m - 6*m, -4245 = -5*n - 4*m. Is n a prime number?
True
Let u(v) = 3*v**2 + 5*v + 2. Let c be u(-3). Suppose 0 = -2*w - 0*w + c. Is 1563/w - (-2)/(-7) composite?
False
Suppose k = -0*k + 42. Suppose -3*r - k = -5*r. Is r composite?
True
Let t(w) = 25*w**2 - 5*w + 2. Is t(-4) composite?
True
Let t = 4726 + -2903. Is t a composite number?
False
Suppose -4*z - 2*n = -372, n = -3*n + 8. Let y(l) = -l**2 + 7*l - 3. Let v be y(6). Suppose -v*d - z = -7*d. Is d composite?
False
Suppose -3*w = -w - 74. Is w composite?
False
Let w(f) = -11*f**3 + 21*f**2 - 5*f + 15. Let r(n) = 5*n**3 - 10*n**2 + 3*n - 7. Let m(y) = 9*r(y) + 4*w(y). Is m(5) a composite number?
False
Let o = 187 + -76. Is o a prime number?
False
Suppose -4*f - 5 = f, 0 = 4*z - 3*f - 3575. Is z a composite number?
True
Let b(v) = -7*v - 5. Let y be b(-4). Suppose -r = -y - 64. Is r a prime number?
False
Let n be (-2)/2*0 - 2. Is -263*(2 + -3) - n a composite number?
True
Suppose -h - 5*j - 5 = 0, -5*j - 3 = -2*j. Let s(w) = -w**2 - w + 391. Is s(h) prime?
False
Suppose -4*m = 3*b - 638, -3*m = -3*b + 2*b - 485. Is m a prime number?
False
Let k = 48 + -109. Let t be (0/2)/3 - k. Let g = t - 14. Is g a prime number?
True
Let n be (-5 - -1)*(-1 + 2). Let x(u) = u + 4. Let k be x(n). Suppose -5*r + 295 = -k*r. Is r a prime number?
True
Let j = 116 - 25. Is j a composite number?
True
Let q = 29 + 29. Is q composite?
True
Let x = -8 - -2. Let u(o) = -o**3 + 3*o**2 - 3*o - 3. Let l be u(3). Is (-8)/l + (-398)/x a prime number?
True
Let t = 605 + -394. Is t a composite number?
False
Let o(r) = -r**3 - 3*r**2 + 2. Let w be o(-2). Let m(p) = -10*p**3 - 4*p - 3. Is m(w) prime?
False
Let i = 13 + -8. Suppose -3*r + 65 = -2*r + s, 2*r - 118 = -i*s. Is r composite?
True
Let h = 131 - 44. Suppose -8 - h = -v. Is v a prime number?
False
Suppose -3*s + 153 = 3*v, 2*v + 3*v + 4*s - 251 = 0. Suppose -v = -3*t + 10. Is t a prime number?
True
Suppose 5*v = 5, -4*v = -3*s - 339 + 1790. Is s a prime number?
False
Let w(j) = 0 - 1 + j + 3. Let l be w(-6). Is (47/l)/((-5)/20) a composite number?
False
Let i(x) = -2*x**3 - 10*x**2 - 12*x + 5. Is i(-11) a composite number?
True
Let p(k) = -9*k - 3*k - 34*k + 2 - 1. Is p(-4) prime?
False
Suppose 2*p - 263 = 5*d + 4128, -3*d = -2*p + 4381. Is p prime?
False
Let d(u) = 2*u**3 - 3*u**2 + 2. Let n be d(-2). Let h = 57 + n. Is h a composite number?
False
Suppose -192 = -3*y - 63. Suppose 4 = 4*t, o + 3*t - y = -5. Is o a prime number?
False
Suppose 0 = -5*n + 5*g + 2215, 2*n + 3*g = 951 - 65. Is n a composite number?
False
Let p be (0 - 0) + 2/1. Suppose -18 = -p*h + 5*m, -3*m + 4*m + 12 = h. Suppose 3*r = 61 + h. Is r a composite number?
True
Is (23/4)/(4/464) a prime number?
False
Let k be (-190)/45 + (-4)/(-18). Let n(i) = -5*i - 4. Let q(a) = 5*a + 3. Let c(p) = -4*n(p) - 5*q(p). Is c(k) a composite number?
True
Suppose 5*d = -1 - 34. Is (1 - (-3 + 5))*d a composite number?
False
Is (-10)/15 - 491/(-3) a composite number?
False
Let d = -2 - -7. Suppose 4*x - d*j = 3623, 0 = 4*x - 2*j - 3193 - 433. Is x a prime number?
True
Let i be (-8)/4 + 13*-1. Is -1*(-5)/(i/(-909)) composite?
True
Let w = -75 + 324. Is w prime?
False
Let r(n) = -57*n**2 + 2*n + 2. Let j(